 factors of 4257367762.
2, 149, 14286469
What are the prime factors of 7130220?
2, 3, 5, 151, 787
What are the prime factors of 134438457?
3, 44812819
List the prime factors of 92380483.
13, 107, 66413
What are the prime factors of 786364202?
2, 13, 241, 125497
List the prime factors of 97992428.
2, 37, 662111
List the prime factors of 3564976009.
7, 509282287
List the prime factors of 1476991269.
3, 13, 12623857
List the prime factors of 206321866.
2, 103160933
What are the prime factors of 244348616?
2, 17, 1301, 1381
What are the prime factors of 1392920430?
2, 3, 5, 11, 4220971
List the prime factors of 627502691.
17, 36911923
List the prime factors of 1357373055.
3, 5, 90491537
List the prime factors of 1307832370.
2, 5, 13, 10060249
What are the prime factors of 224378930?
2, 5, 31, 723803
List the prime factors of 39660619.
19, 449, 4649
What are the prime factors of 92399667?
3, 83, 371083
List the prime factors of 485841942.
2, 3, 61, 79, 1867
What are the prime factors of 318366355?
5, 63673271
What are the prime factors of 950474792?
2, 41, 2897789
List the prime factors of 338639653.
11, 47, 719, 911
What are the prime factors of 326338450?
2, 5, 29, 225061
List the prime factors of 24726593.
421, 58733
List the prime factors of 737930968.
2, 17, 19, 353, 809
List the prime factors of 344995927.
107, 3224261
List the prime factors of 4322750129.
47, 1956881
List the prime factors of 2930064112.
2, 183129007
List the prime factors of 177152530.
2, 5, 1471, 12043
List the prime factors of 5205716723.
5205716723
List the prime factors of 3839345408.
2, 14997443
What are the prime factors of 9619935?
3, 5, 13, 49333
List the prime factors of 17076485.
5, 109, 31333
What are the prime factors of 1448904932?
2, 1373, 263821
List the prime factors of 5206421686.
2, 19, 137, 1000081
What are the prime factors of 264461970?
2, 3, 5, 269, 32771
What are the prime factors of 125154662?
2, 29, 2157839
List the prime factors of 67704256.
2, 1057879
List the prime factors of 1735048449.
3, 499, 386339
List the prime factors of 58962042.
2, 3, 3275669
List the prime factors of 801198277.
11, 487, 149561
What are the prime factors of 60058785?
3, 5, 103, 38873
List the prime factors of 553832129.
553832129
What are the prime factors of 414842908?
2, 17, 283, 21557
List the prime factors of 1556555987.
7, 11069, 20089
What are the prime factors of 150105573?
3, 71, 234907
What are the prime factors of 153019699?
7, 3122851
What are the prime factors of 30127533?
3, 137, 73303
What are the prime factors of 198700723?
13, 271, 56401
List the prime factors of 86588535.
3, 5, 11, 509, 1031
What are the prime factors of 165168678?
2, 3, 167, 164839
List the prime factors of 242143087.
17, 19, 257, 2917
List the prime factors of 96954087.
3, 571, 56599
What are the prime factors of 125837272?
2, 11, 1429969
List the prime factors of 199405465.
5, 7, 631, 9029
List the prime factors of 493381298.
2, 61, 1187, 3407
List the prime factors of 6767287125.
3, 5, 23, 389, 2017
What are the prime factors of 63729812?
2, 15932453
List the prime factors of 238152858.
2, 3, 877, 45259
List the prime factors of 579821964.
2, 3, 3851, 12547
List the prime factors of 1469452485.
3, 5, 61, 173, 9283
List the prime factors of 3586142667.
3, 1195380889
List the prime factors of 2228781791.
2228781791
What are the prime factors of 1540682179?
71, 101, 214849
What are the prime factors of 3179346548?
2, 7, 113548091
What are the prime factors of 2034383909?
2207, 921787
What are the prime factors of 878405891?
11, 19, 4202899
List the prime factors of 104728275.
3, 5, 155153
List the prime factors of 608140344.
2, 3, 7, 3619883
List the prime factors of 800469639.
3, 19, 43, 108863
What are the prime factors of 1526634807?
3, 508878269
List the prime factors of 51173675.
5, 7, 191, 1531
What are the prime factors of 641674446?
2, 3, 7, 359, 42557
What are the prime factors of 206305421?
7, 17, 1733659
List the prime factors of 4862081208.
2, 3, 43, 127, 37097
What are the prime factors of 31591962?
2, 3, 29, 60521
List the prime factors of 62829985.
5, 59, 373, 571
List the prime factors of 972002654.
2, 7, 37, 1876453
What are the prime factors of 240260328?
2, 3, 7, 11, 41, 151
List the prime factors of 817580828.
2, 1367, 149521
List the prime factors of 389719272.
2, 3, 16238303
What are the prime factors of 169252?
2, 17, 19, 131
List the prime factors of 457556448.
2, 3, 4766213
What are the prime factors of 2080213554?
2, 3, 89, 3895531
List the prime factors of 2800769.
2800769
List the prime factors of 835855492.
2, 257, 813089
List the prime factors of 751677256.
2, 11, 457, 18691
What are the prime factors of 279940497?
3, 41, 499, 4561
List the prime factors of 1256412830.
2, 5, 125641283
What are the prime factors of 141854606?
2, 53, 563, 2377
What are the prime factors of 4024896?
2, 3, 20963
What are the prime factors of 3385667375?
5, 27085339
What are the prime factors of 546392288?
2, 13, 1313443
What are the prime factors of 51872786?
2, 7, 3705199
List the prime factors of 53969894.
2, 11, 2453177
What are the prime factors of 1160936886?
2, 3, 9161, 21121
List the prime factors of 122303106.
2, 3, 59, 115163
What are the prime factors of 155436684?
2, 3, 13, 257, 3877
List the prime factors of 122210318.
2, 19, 3216061
List the prime factors of 148769307.
3, 16529923
List the prime factors of 1655384223.
3, 551794741
List the prime factors of 1078416200.
2, 5, 5392081
List the prime factors of 4005913180.
2, 5, 1019, 196561
What are the prime factors of 27579228?
2, 3, 277, 8297
List the prime factors of 1464394860.
2, 3, 5, 211, 38557
What are the prime factors of 2108874817?
7, 113, 2666087
What are the prime factors of 2583132087?
3, 6959, 123731
List the prime factors of 98563130.
2, 5, 9856313
List the prime factors of 779455964.
2, 7, 499, 55787
List the prime factors of 534879570.
2, 3, 5, 311, 57329
List the prime factors of 365481687.
3, 109, 1117681
What are the prime factors of 259519852?
2, 64879963
What are the prime factors of 136353727?
61, 2235307
List the prime factors of 1765688.
2, 17, 12983
List the prime factors of 6976300.
2, 5, 69763
List the prime factors of 5674273.
11, 515843
What are the prime factors of 1603779193?
1747, 918019
What are the prime factors of 29227538?
2, 59, 247691
What are the prime factors of 331715769?
3, 7, 11, 409, 3511
What are the prime factors of 21482669?
13, 1652513
List the prime factors of 524358488.
2, 59, 1110929
List the prime factors of 26854063.
26854063
List the prime factors of 79114315.
5, 7, 2260409
List the prime factors of 863004245.
5, 172600849
List the prime factors of 49172489.
41, 1199329
What are the prime factors of 2994512015?
5, 11, 29, 223, 8419
List the prime factors of 83603031.
3, 73, 381749
List the prime factors of 26952860.
2, 5, 11, 101, 1213
List the prime factors of 991834456.
2, 439, 282413
What are the prime factors of 4004435243?
43, 6521, 14281
List the prime factors of 82445817.
3, 113, 243203
List the prime factors of 72106356.
2, 3, 7, 43, 19963
What are the prime factors of 44350931?
43, 71, 73, 199
List the prime factors of 256648901.
256648901
What are the prime factors of 203955579?
3, 17, 29, 43, 1069
List the prime factors of 124343402.
2, 62171701
List the prime factors of 11099957.
11, 67, 15061
List the prime factors of 1595354154.
2, 3, 17, 15640727
List the prime factors of 88205462.
2, 53, 73, 11399
List the prime factors of 196638379.
7, 28091197
List the prime factors of 2487435985.
5, 497487197
What are the prime factors of 161160154?
2, 839, 96043
What are the prime factors of 570617965?
5, 114123593
List the prime factors of 230776551.
3, 25641839
List the prime factors of 24489596.
2, 89, 68791
What are the prime factors of 3213522722?
2, 2063, 778847
List the prime factors of 22384781.
29, 771889
What are the prime factors of 10222401?
3, 7, 486781
List the prime factors of 622250190.
2, 3, 5, 19, 363889
What are the prime factors of 958840447?
31, 59, 524243
What are the prime factors of 141350350?
2, 5, 29, 71, 1373
What are the prime factors of 27646455?
3, 5, 97, 19001
What are the prime factors of 283667026?
2, 141833513
List the p